hen 7140323 is divided by 1189878?
1055
Calculate the remainder when 17497 is divided by 16681.
816
Calculate the remainder when 14667447 is divided by 50.
47
What is the remainder when 664387 is divided by 80?
67
What is the remainder when 965755 is divided by 818?
515
What is the remainder when 99862 is divided by 710?
462
Calculate the remainder when 101614 is divided by 10118.
434
What is the remainder when 28087814 is divided by 432120?
14
What is the remainder when 21062599 is divided by 11?
8
What is the remainder when 443117 is divided by 54987?
3221
What is the remainder when 3999699 is divided by 36?
27
What is the remainder when 599386686 is divided by 3178?
3174
Calculate the remainder when 89286 is divided by 431.
69
What is the remainder when 91761 is divided by 958?
751
What is the remainder when 229801 is divided by 491?
13
Calculate the remainder when 113044224 is divided by 37681406.
6
Calculate the remainder when 22960256 is divided by 7653398.
62
What is the remainder when 1695110 is divided by 9?
5
What is the remainder when 570400 is divided by 47?
8
Calculate the remainder when 13003883 is divided by 37912.
67
What is the remainder when 41345902 is divided by 221101?
15
Calculate the remainder when 407419 is divided by 4477.
12
What is the remainder when 51544824 is divided by 4295402?
0
Calculate the remainder when 20912754 is divided by 5408.
18
Calculate the remainder when 27958377 is divided by 6724.
6709
Calculate the remainder when 132087 is divided by 42.
39
What is the remainder when 45222 is divided by 76?
2
What is the remainder when 18492 is divided by 14117?
4375
Calculate the remainder when 30561 is divided by 6105.
36
What is the remainder when 1936352 is divided by 290?
22
What is the remainder when 2286912 is divided by 58?
30
Calculate the remainder when 19110597 is divided by 200.
197
What is the remainder when 105785134 is divided by 846281?
9
What is the remainder when 285167 is divided by 3051?
1424
What is the remainder when 125846 is divided by 25169?
1
Calculate the remainder when 4122684 is divided by 33.
27
Calculate the remainder when 29485087 is divided by 16.
15
What is the remainder when 2991106 is divided by 4143?
4003
What is the remainder when 451610 is divided by 369?
323
What is the remainder when 9030971 is divided by 81?
38
Calculate the remainder when 956372831 is divided by 1531.
1530
What is the remainder when 433740 is divided by 155?
50
What is the remainder when 6249714 is divided by 729?
726
What is the remainder when 330415433 is divided by 1938?
1937
What is the remainder when 11242 is divided by 1358?
378
What is the remainder when 48222 is divided by 287?
6
Calculate the remainder when 122805431 is divided by 235711.
0
Calculate the remainder when 3957148 is divided by 11.
8
Calculate the remainder when 2062483 is divided by 4765.
4003
What is the remainder when 23987637 is divided by 289?
59
Calculate the remainder when 6849697 is divided by 10073.
57
What is the remainder when 42000 is divided by 940?
640
What is the remainder when 443301 is divided by 147643?
372
What is the remainder when 3921549 is divided by 214?
213
Calculate the remainder when 14836 is divided by 291.
286
What is the remainder when 11978734 is divided by 28?
26
Calculate the remainder when 12058330 is divided by 143.
141
What is the remainder when 392288 is divided by 291?
20
Calculate the remainder when 20068427 is divided by 3846.
3845
What is the remainder when 158812 is divided by 373?
287
Calculate the remainder when 570956 is divided by 2099.
28
What is the remainder when 897764 is divided by 59850?
14
Calculate the remainder when 29510781 is divided by 181.
179
Calculate the remainder when 1268180 is divided by 90561.
326
What is the remainder when 398219147 is divided by 6?
5
What is the remainder when 58538822 is divided by 14790?
2
Calculate the remainder when 157850015 is divided by 2976.
2975
Calculate the remainder when 1592993 is divided by 86.
15
Calculate the remainder when 44980 is divided by 3466.
3388
Calculate the remainder when 322809 is divided by 273.
123
What is the remainder when 1352861 is divided by 29?
11
What is the remainder when 64944087 is divided by 7216007?
24
Calculate the remainder when 2431137 is divided by 142975.
562
Calculate the remainder when 6100930 is divided by 508396.
178
What is the remainder when 432635 is divided by 432624?
11
Calculate the remainder when 2206865 is divided by 165.
155
Calculate the remainder when 70720911 is divided by 23.
5
What is the remainder when 3813260 is divided by 216?
212
Calculate the remainder when 5418222 is divided by 22.
18
Calculate the remainder when 9190399 is divided by 3063461.
16
What is the remainder when 331678 is divided by 33113?
548
Calculate the remainder when 4237491 is divided by 249.
9
What is the remainder when 30318475 is divided by 1329?
1327
Calculate the remainder when 1222620 is divided by 2918.
2896
What is the remainder when 2334823 is divided by 1227?
1069
Calculate the remainder when 5346220 is divided by 1542.
106
Calculate the remainder when 139875497 is divided by 1206.
1205
What is the remainder when 2418463 is divided by 345494?
5
Calculate the remainder when 4255517 is divided by 1418486.
59
Calculate the remainder when 560235 is divided by 627.
324
What is the remainder when 51206 is divided by 1553?
1510
What is the remainder when 349072 is divided by 30?
22
What is the remainder when 59033 is divided by 14637?
485
Calculate the remainder when 3428133 is divided by 472.
469
What is the remainder when 95627 is divided by 47479?
669
Calculate the remainder when 160012 is divided by 109.
0
What is the remainder when 44262989 is divided by 331?
14
Calculate the remainder when 16560150 is divided by 16560027.
123
What is the remainder when 238935 is divided by 79630?
45
Calculate the remainder when 66626 is divided by 3838.
1380
Calculate the remainder when 139667 is divided by 18.
5
Calculate the remainder when 23495 is divided by 1020.
35
Calculate the remainder when 198783037 is divided by 14213.
19
What is the remainder when 315587360 is divided by 19724210?
0
Calculate the remainder when 819696 is divided by 43130.
226
What is the remainder when 20298 is divided by 349?
56
What is the remainder when 475568 is divided by 1204?
1192
What is the remainder when 4400857 is divided by 280?
97
What is the remainder when 275044 is divided by 1394?
426
Calculate the remainder when 800099 is divided by 212.
11
What is the remainder when 423368 is divided by 141060?
188
What is the remainder when 22573 is divided by 414?
217
Calculate the remainder when 1933194 is divided by 12.
6
Calculate the remainder when 150249 is divided by 49142.
2823
Calculate the remainder when 10375963 is divided by 1729326.
7
Calculate the remainder when 71014054 is divided by 192450.
4
Calculate the remainder when 27205131 is divided by 167.
163
Calculate the remainder when 13619476 is divided by 28.
24
Calculate the remainder when 108302 is divided by 8046.
3704
Calculate the remainder when 73090 is divided by 662.
270
What is the remainder when 23949 is divided by 2097?
882
Calculate the remainder when 25841242 is divided by 54.
28
Calculate the remainder when 2506 is divided by 31.
26
Calculate the remainder when 6949 is divided by 2297.
58
What is the remainder when 108909 is divided by 3550?
2409
What is the remainder when 1239733 is divided by 36?
1
Calculate the remainder when 27319 is divided by 4454.
595
Calculate the remainder when 38086 is divided by 6855.
3811
Calculate the remainder when 3135817 is divided by 3927.
2071
Calculate the remainder when 223060949 is divided by 665.
664
Calculate the remainder when 24386109 is divided by 100.
9
Calculate the remainder when 241382 is divided by 32.
6
Calculate the remainder when 47106 is divided by 2766.
84
Calculate the remainder when 127043739 is divided by 42347904.
27
What is the remainder when 338616052 is divided by 11358?
11356
Calculate the remainder when 7747 is divided by 3007.
1733
Calculate the remainder when 2013383 is divided by 402664.
63
Calculate the remainder when 79781 is divided by 39.
26
Calculate the remainder when 2726935 is divided by